 + 2710. Give u(5).
15
Let q(h) = 42*h + 320. Calculate q(-6).
68
Let q(i) = 10*i - 212. Determine q(15).
-62
Let q(b) = -b**3 + 14*b**2 + 49*b - 659. Give q(12).
217
Let y(i) = -i**3 + 19*i**2 - 11*i + 8. Calculate y(18).
134
Let g(y) = -3*y**2 + 112*y - 918. Give g(12).
-6
Let r(o) = -24*o**3 - 2*o**2 + 6*o + 11. Calculate r(-2).
183
Let j(k) = 2*k**2 - 192*k + 1112. Determine j(6).
32
Let m(q) = 295*q - 876. Give m(3).
9
Let z(k) = 17*k**2 - 6*k - 7. Determine z(-1).
16
Let y(j) = -j**3 + j**2 + 3*j - 33. Determine y(0).
-33
Let n(x) = -x**3 - 78*x**2 + 331*x + 254. Determine n(-82).
8
Let i(o) = -2*o**2 - 65*o + 90. What is i(-36)?
-162
Let j(r) = -r**2 + 38*r - 223. Give j(18).
137
Let s(z) = z**3 - z**2 + 10*z - 16. Determine s(0).
-16
Let i(l) = 2*l**2 + 21*l. Calculate i(-10).
-10
Let i(p) = -64*p - 4. What is i(-7)?
444
Let h(a) = -1678*a - 23490. Calculate h(-14).
2
Let b(q) = 520*q + 43687. Give b(-84).
7
Let n(p) = -842*p + 58948. What is n(70)?
8
Let x(n) = n**2 + 37*n - 2517. Determine x(35).
3
Let d(n) = -18*n**2 - 109*n - 91. What is d(-5)?
4
Let h(q) = 112*q + 2239. Give h(-20).
-1
Let a(h) = -h**3 - 22*h**2 - 42*h - 54. Give a(-20).
-14
Let p(i) = 659*i - 41534. Determine p(63).
-17
Let o(k) = 100*k + 109. What is o(-1)?
9
Let k(m) = 738*m - 2949. Determine k(4).
3
Let o(s) = -s + 56. Give o(13).
43
Let t(p) = -p**3 + 18*p**2 + 2*p + 129. Calculate t(19).
-194
Let l(d) = d**2 + 424*d - 5684. What is l(13)?
-3
Let q(n) = -7*n**3 + 2*n**2 - n + 10. Give q(3).
-164
Let o(s) = s**3 - 32*s**2 + 3*s - 79. Calculate o(32).
17
Let j(l) = -l**3 + 60*l**2 - 56*l - 184. What is j(59)?
-7
Let t(u) = u**2 - 49*u + 541. What is t(17)?
-3
Let u(i) = i**3 - 27*i**2 - 736*i + 208. Give u(-17).
4
Let t(z) = -2228*z + 15590. Determine t(7).
-6
Let j(y) = 8839*y + 61870. Calculate j(-7).
-3
Let u(w) = -w**3 - 14*w**2 + 77*w + 85. Give u(-18).
-5
Let w(a) = -15*a**2 + 371*a - 222. Calculate w(24).
42
Let c(y) = -y**3 + 18*y**2 + 19*y - 96. Give c(19).
-96
Let f(l) = 42*l + 1944. What is f(-51)?
-198
Let d(z) = 59*z**2 - 951*z + 139. Give d(16).
27
Let u(g) = -2*g**2 - 124*g - 259. What is u(-58)?
205
Let s(f) = 2*f + 135. Give s(-46).
43
Let w(b) = 8*b**2 + 28*b + 5. What is w(-7)?
201
Let n(o) = -o**3 + 83*o - 30. Give n(9).
-12
Let q(t) = -470*t + 9. Determine q(0).
9
Let d(l) = -450*l - 1767. Determine d(-4).
33
Let r(p) = p + 35. What is r(28)?
63
Let r(a) = -92*a + 2212. Calculate r(24).
4
Let a(j) = 2*j**2 + 5*j - 87. Calculate a(0).
-87
Let n(p) = -15*p**3 + 106*p**2 - 18*p + 10. Calculate n(7).
-67
Let p(y) = -y**3 - 54*y**2 - 108*y - 215. What is p(-52)?
-7
Let w(v) = -v**3 - 11*v**2 + 45*v + 33. Calculate w(-14).
-9
Let m(z) = -584*z + 458. Calculate m(2).
-710
Let j(p) = -12*p**2 + 1883*p + 153. Calculate j(157).
-4
Let g(q) = -2*q**3 + 25*q - 26. Give g(1).
-3
Let n(g) = 34*g + 226. Give n(-8).
-46
Let g(z) = 93*z - 71. What is g(0)?
-71
Let u(v) = 13*v - 111. Determine u(19).
136
Let u(j) = 6*j**3 - 5*j**2 - 7*j - 5. Determine u(-2).
-59
Let r(b) = b**2 + 625*b + 27161. What is r(-47)?
-5
Let t(h) = 279*h**2 - 3067*h - 32. Calculate t(11).
-10
Let n(y) = -6*y**2 + 61*y - 59. Calculate n(9).
4
Let k(w) = w**3 - 39*w**2 - 95*w + 554. Give k(41).
21
Let v(b) = -7*b**2 + 19*b + 23. Determine v(-1).
-3
Let b(z) = -73*z + 370. Give b(5).
5
Let p(j) = -4*j**2 + 1156*j + 7074. What is p(295)?
-6
Let l(b) = b**3 + 7*b**2 + 42*b + 205. Calculate l(-5).
45
Let u(j) = 787*j - 7976. What is u(10)?
-106
Let m(d) = -d**3 - 19*d**2 - 15*d. What is m(-18)?
-54
Let h(m) = m**3 - 7*m**2 - 680*m + 6507. Determine h(10).
7
Let m(q) = q**2 + 1715*q - 12052. Give m(7).
2
Let w(q) = q**2 - 38*q - 62. Calculate w(27).
-359
Let p(o) = -2*o**2 - 19*o - 28. What is p(-8)?
-4
Let a(r) = 1128*r + 9009. Calculate a(-8).
-15
Let c(p) = -123*p**3 + 118*p**2 - 237*p + 2. Give c(2).
-984
Let t(s) = 38*s**2 + 950*s + 11. Give t(-25).
11
Let j(u) = -3*u**3 + 57*u**2 - 27*u + 21. Calculate j(18).
507
Let l(z) = -455*z - 2857. What is l(-6)?
-127
Let w(y) = -94*y - 1420. Calculate w(-15).
-10
Let l(t) = -3*t**3 - 12*t**2 + 50*t + 85. What is l(-6)?
1
Let k(j) = 15*j - 176. Calculate k(6).
-86
Let z(s) = -183*s + 8955. What is z(49)?
-12
Let a(t) = -183*t**3 - 2*t**2 + 34*t - 32. Calculate a(1).
-183
Let t(i) = -1149*i - 29870. Calculate t(-26).
4
Let h(g) = 260*g - 807. Calculate h(2).
-287
Let u(f) = 272*f**2 + 5442*f + 40. Give u(-20).
0
Let g(a) = a**2 + 26*a + 56. Give g(-12).
-112
Let o(x) = 800*x + 15213. Calculate o(-19).
13
Let z(n) = -2*n**3 - 66*n**2 - 4*n - 131. Give z(-33).
1
Let l(z) = 9*z**3 - 395*z**2 - 41*z - 158. Calculate l(44).
-26
Let m(r) = 40*r + 201. Calculate m(-13).
-319
Let r(u) = -36*u + 903. Calculate r(25).
3
Let l(i) = -i**3 + 199*i**2 - 191*i - 1371. Determine l(198).
15
Let u(i) = i**2 - 17*i + 21. Calculate u(2).
-9
Let r(d) = -32*d - 405. Determine r(-12).
-21
Let g(a) = -31*a**2 + 1273*a - 56. Give g(41).
26
Let j(a) = 10*a**2 - 25*a - 21. What is j(3)?
-6
Let k(d) = d**3 - 145*d**2 + 160*d - 2296. Determine k(144).
8
Let q(n) = -28*n**2 - 18*n + 3. Determine q(-2).
-73
Let l(a) = -168*a**2 - 10*a - 1. Calculate l(-1).
-159
Let a(k) = -226*k + 20801. What is a(92)?
9
Let k(s) = s**2 - 86*s + 1055. Give k(14).
47
Let g(q) = q**2 + 4*q - 156. What is g(-17)?
65
Let v(b) = 2*b**3 + 32*b**2 - 7*b + 30. What is v(-16)?
142
Let q(b) = 150*b + 41. What is q(1)?
191
Let x(w) = 796*w + 3951. Calculate x(-5).
-29
Let j(y) = -9*y + 231. Give j(-15).
366
Let q(d) = -d**3 - 22*d**2 - 100*d + 182. What is q(-14)?
14
Let x(l) = 2*l**3 - 206*l**2 + 200*l + 404. Give x(102).
-4
Let r(u) = -u**3 + 12*u**2 + 3*u + 20. Give r(11).
174
Let u(l) = -l**3 - 19*l**2 - 36*l - 4. Determine u(-2).
0
Let y(m) = 1455*m - 20366. Calculate y(14).
4
Let v(m) = m**3 + 53*m**2 - 168*m + 15. What is v(-56)?
15
Let v(p) = p**3 - 16*p**2 - 44*p + 680. Determine v(16).
-24
Let r(s) = s**3 + 14*s**2 + 42*s + 220. What is r(-12)?
4
Let n(r) = -202*r + 1236. Calculate n(6).
24
Let s(c) = 3*c + 36. What is s(-3)?
27
Let k(x) = -1084*x - 7577. Determine k(-7).
11
Let m(y) = -14*y + 1826. What is m(130)?
6
Let v(i) = i**2 + 22*i - 1. What is v(-22)?
-1
Let c(n) = -3*n**3 + 33*n - 33. Calculate c(1).
-3
Let w(z) = -z**3 - 26*z**2 + 225*z + 44. Determine w(7).
2
Let t(w) = 44*w + 63. Determine t(6).
327
Let u(k) = k**3 + 20*k**2 - 151*k + 2039. What is u(-28)?
-5
Let k(z) = z**3 + 28*z**2 + 2*z + 55. Calculate k(-28).
-1
Let q(l) = -230*l + 10309. Calculate q(45).
-41
Let m(a) = -436*a - 3913. What is m(-9)?
11
Let a(w) = 56*w + 456. Determine a(-9).
-48
Let u(g) = 209*g**3 + 13*g**2 - 5*g - 4. Calculate u(1).
213
Let u(r) = 35*r**2 - 122*r + 49. What is u(3)?
-2
Let m(v) = v**3 + 7*v**2 + 23*v + 56. Calculate m(-5).
-9
Let a(b) = 2*b**2 - 203*b - 6233. Calculate a(126).
-59
Let r(v) = 8*v**2 - 2*v + 79. Calculate r(5).
269
Let u(f) = -f**3 - 3*f**2 + 601*f - 53. Calculate u(23).
16
Let i(g) = 5*g**2 - 133*g - 196. Give i(28).
0
Let t(w) = 8*w**3 - 2*w**2 - 4*w + 9. Determine t(-3).
-213
Let f(v) = v**3 + 32*v**2 - 37*v - 119. What is f(-33)?
13
Let p(g) = g**2 - 84*g + 757. Determine p(74).
17
Let z(p) = -165*p + 20. Calculate z(-3).
515
Let y(f) = -4*f**3 + 18*f**2 - 26. What is y(4)?
6
Let h(a) = a**3 - 10*a**2 + 15*a - 7. Calculate h(5).
-57
Let v(u) = u**3 + 2*u**2 - 100*u + 8. Give v(-11).
19
Let p(y) = 12*y - 1026. Give p(51).
-414
Let d(b) = -18*b - 150. Determine d(-18).
174
Let q(j) = -j**3 + 7*j**2 + 11*j - 77. Calculate q(7).
0
Let n(q) = -2*q**2 - 93*q - 287. Determine n(-42).
91
Let c(v) = -2*v**2 - 35*v + 77. What is c(-12)?
209
Let p(l) = l**2 + 55*l - 3662. Calculate p(-94).
4
Let h(l) = l**3 - l**2 - 39*l - 10. Give h(7).
11
Let o(p) = -11*p**2 + 109*p - 4. Calculate o(10).
-14
Let q(m) = m**3 - 5*m**2 + 83*m - 540. What is q(6)?
-6
Let t(n) = -139*n**2 + 930*n + 295. What is t(7)?
-6
Let i(o) = 2413*o - 7220. Determine i(3).
19
Let o(x) = x**3 + 7*x**2 + 23*x + 11. What is o(-5)?
-54
Let k(i) = i**3 - 9*i**2 - 13*i + 55. What is k(7)?
-134
Let s(f) = -2*f**2 + 405*f + 408. What is s(-1)?
1
Let z(r) = -14*r**2 + 20*r - 7. Determine z(1).
-1
Let k(s) = -6805*s + 20394. Calculate k(3).
-21
Let m(y) = -2*y**3 - 8*y**2 + 3*y + 23. What is m(-3)?
-4
Let o(i) = 2*i**